, 3, 113, 313
What are the prime factors of 778055?
5, 61, 2551
What are the prime factors of 425666?
2, 331, 643
List the prime factors of 1312937.
1312937
What are the prime factors of 119130?
2, 3, 5, 11, 19
List the prime factors of 4149062.
2, 23, 90197
What are the prime factors of 3811719?
3, 1270573
List the prime factors of 33400.
2, 5, 167
List the prime factors of 678035.
5, 135607
What are the prime factors of 123184?
2, 7699
What are the prime factors of 152428?
2, 53, 719
What are the prime factors of 108237?
3, 109, 331
What are the prime factors of 271638?
2, 3, 15091
What are the prime factors of 5061?
3, 7, 241
What are the prime factors of 18552468?
2, 3, 11, 140549
What are the prime factors of 207884?
2, 51971
List the prime factors of 258126.
2, 3, 11, 3911
List the prime factors of 608880.
2, 3, 5, 43, 59
List the prime factors of 20572030.
2, 5, 2057203
List the prime factors of 1851681.
3, 13, 79, 601
List the prime factors of 1526948.
2, 381737
List the prime factors of 78516.
2, 3, 727
List the prime factors of 22188.
2, 3, 43
List the prime factors of 13108124.
2, 3277031
List the prime factors of 2840870.
2, 5, 17, 983
List the prime factors of 2535626.
2, 19, 53, 1259
What are the prime factors of 29603786?
2, 19, 53, 14699
What are the prime factors of 13504958?
2, 6752479
What are the prime factors of 1521562?
2, 7, 251, 433
List the prime factors of 739311.
3, 281, 877
List the prime factors of 30151647.
3, 53, 63211
What are the prime factors of 8219325?
3, 5, 29, 3779
List the prime factors of 17257887.
3, 639181
List the prime factors of 1988850.
2, 3, 5, 13259
What are the prime factors of 8488229?
8488229
List the prime factors of 352420.
2, 5, 67, 263
List the prime factors of 210288.
2, 3, 13, 337
List the prime factors of 7367896.
2, 19, 48473
List the prime factors of 421746.
2, 3, 13, 5407
List the prime factors of 1359924.
2, 3, 113327
List the prime factors of 198722.
2, 67, 1483
What are the prime factors of 942?
2, 3, 157
What are the prime factors of 445825?
5, 17, 1049
List the prime factors of 267289.
11, 47
List the prime factors of 1220435.
5, 244087
What are the prime factors of 1351014?
2, 3, 7, 19, 1693
List the prime factors of 196659.
3, 21851
What are the prime factors of 84778?
2, 19, 23, 97
List the prime factors of 459102.
2, 3, 7, 17, 643
What are the prime factors of 1441965?
3, 5, 7, 31, 443
What are the prime factors of 1323029?
23, 41, 61
List the prime factors of 178948.
2, 7, 11, 83
List the prime factors of 233467.
13, 17959
List the prime factors of 644959.
7, 199, 463
What are the prime factors of 8348661?
3, 927629
List the prime factors of 1710218.
2, 227, 3767
What are the prime factors of 5221869?
3, 1740623
What are the prime factors of 1760134?
2, 880067
List the prime factors of 59785.
5, 11, 1087
What are the prime factors of 769406?
2, 11, 41, 853
List the prime factors of 66112.
2, 1033
List the prime factors of 6735048.
2, 3, 280627
List the prime factors of 758255.
5, 151651
List the prime factors of 3043540.
2, 5, 43, 3539
List the prime factors of 4115335.
5, 7, 307, 383
What are the prime factors of 68221?
17, 4013
List the prime factors of 2888915.
5, 23, 25121
List the prime factors of 16436.
2, 7, 587
List the prime factors of 437864.
2, 7, 1117
What are the prime factors of 758090?
2, 5, 41, 43
List the prime factors of 1007209.
7, 19, 7573
What are the prime factors of 10194?
2, 3, 1699
What are the prime factors of 7490546?
2, 7, 227, 2357
List the prime factors of 1505753.
1505753
What are the prime factors of 211601?
13, 41, 397
What are the prime factors of 5663165?
5, 1132633
List the prime factors of 910798.
2, 7, 67, 971
List the prime factors of 45033.
3, 17, 883
List the prime factors of 16953365.
5, 11, 13, 131, 181
List the prime factors of 195074.
2, 11, 8867
List the prime factors of 1198235.
5, 19, 12613
What are the prime factors of 190393?
7, 59, 461
What are the prime factors of 205446?
2, 3, 97, 353
What are the prime factors of 22035160?
2, 5, 7, 78697
List the prime factors of 1184139.
3, 11, 443
List the prime factors of 174096.
2, 3, 13, 31
List the prime factors of 506073.
3, 17, 9923
List the prime factors of 2452830.
2, 3, 5, 81761
List the prime factors of 116982.
2, 3, 67, 97
What are the prime factors of 1411029?
3, 156781
What are the prime factors of 4523080?
2, 5, 73, 1549
List the prime factors of 235785.
3, 5, 11, 1429
List the prime factors of 403269.
3, 229, 587
List the prime factors of 2345871.
3, 11, 67, 1061
What are the prime factors of 11014543?
11014543
What are the prime factors of 2494829?
2494829
List the prime factors of 198906.
2, 3, 33151
List the prime factors of 108581.
11, 9871
What are the prime factors of 15276?
2, 3, 19, 67
List the prime factors of 796910.
2, 5, 79691
What are the prime factors of 263159?
13, 31, 653
List the prime factors of 237137.
237137
List the prime factors of 314317.
19, 71, 233
What are the prime factors of 1294562?
2, 97, 6673
List the prime factors of 4134003.
3, 1378001
What are the prime factors of 7052739?
3, 17, 138289
What are the prime factors of 117837?
3, 13093
What are the prime factors of 2877703?
2877703
List the prime factors of 594282.
2, 3, 13, 19, 401
List the prime factors of 3002730.
2, 3, 5, 101, 991
What are the prime factors of 5898475?
5, 11, 89, 241
What are the prime factors of 9852238?
2, 11, 447829
What are the prime factors of 1232177?
17, 72481
List the prime factors of 2673182.
2, 17, 78623
List the prime factors of 2994299.
7, 11, 37, 1051
List the prime factors of 824185.
5, 164837
What are the prime factors of 2363440?
2, 5, 31, 953
List the prime factors of 59560.
2, 5, 1489
List the prime factors of 40691.
7, 5813
List the prime factors of 18489713.
11, 79, 21277
List the prime factors of 6967644.
2, 3, 311, 1867
What are the prime factors of 826445?
5, 67, 2467
What are the prime factors of 125625?
3, 5, 67
List the prime factors of 1297208.
2, 11, 14741
List the prime factors of 268615.
5, 31, 1733
What are the prime factors of 1307886?
2, 3, 217981
What are the prime factors of 15833511?
3, 17, 239, 433
What are the prime factors of 7786770?
2, 3, 5, 19, 719
List the prime factors of 456520.
2, 5, 101, 113
List the prime factors of 16114.
2, 7, 1151
What are the prime factors of 3463802?
2, 109, 15889
List the prime factors of 2838798.
2, 3, 23, 6857
What are the prime factors of 64028?
2, 16007
What are the prime factors of 101400?
2, 3, 5, 13
What are the prime factors of 1042136?
2, 130267
What are the prime factors of 701093?
151, 4643
List the prime factors of 5386120.
2, 5, 19, 373
List the prime factors of 2416979.
743, 3253
What are the prime factors of 8049836?
2, 97, 20747
List the prime factors of 2123534.
2, 7, 151681
What are the prime factors of 14404489?
11, 19, 41
List the prime factors of 20678225.
5, 827129
List the prime factors of 10896676.
2, 7, 389167
List the prime factors of 4073.
4073
What are the prime factors of 3973345?
5, 794669
List the prime factors of 256833.
3, 28537
What are the prime factors of 482367?
3, 160789
What are the prime factors of 891815?
5, 173, 1031
List the prime factors of 226133.
226133
List the prime factors of 37203422.
2, 83, 271, 827
List the prime factors of 2132713.
11, 193883
What are the prime factors of 1271008?
2, 39719
What are the prime factors of 6771341?
71, 283, 337
What are the prime factors of 1709401?
17, 193, 521
What are the prime factors of 737433?
3, 81937
What are the prime factors of 1548598?
2, 17, 37, 1231
List the prime factors of 5036752.
2, 7, 44971
What are the prime factors of 12590075?
5, 41, 71, 173
List the prime factors of 804432.
2, 3, 16759
What are the prime factors of 3626432?
2, 56663
What are the prime factors of 308762?
2, 263, 587
List the prime factors of 215164.
2, 53791
List the prime factors of 113237.
17, 6661
What are the prime factors of 177707?
19, 47, 199
What are the prime factors of 10588090?
2, 5, 1058809
What are the prime factors of 142611?
3, 7, 6791
List the prime factors of 18660154.
2, 101, 92377
What are the prime factors of 509200?
2, 5, 19, 67
List the prime factors of 276746.
2, 138373
List the prime factors of 94524.
2